site number?
True
Suppose r - 3 = 0, 692 = 3*h - 2*h - 3*r. Is h composite?
False
Let g = -772 - -1923. Is g a prime number?
True
Let r be (-10)/15 - (-4)/6. Suppose 2*d - 119 = -4*u + 283, -2*d + 3*u + 388 = r. Let l = 408 - d. Is l a composite number?
False
Suppose i + 751 = z, -2*z = 3*i - 816 - 686. Is z prime?
True
Let q = 1528 - 897. Is q composite?
False
Let r(q) = 34*q**2 - 3*q - 41. Is r(-6) a prime number?
True
Suppose -5516 = -4*s - 4*u, -3*s + s + 2786 = -5*u. Is s composite?
True
Let a(k) = 3*k - 2. Let z be a(-3). Let f(n) = n**3 + 6*n**2 + 4*n. Let v be f(-3). Let g = v + z. Is g a composite number?
True
Let d = 100 + -45. Suppose d = z - 0. Is z a prime number?
False
Let t(p) = p**3 - 5*p**2 + 4*p + 1. Let y be ((-2)/2 - -1) + -1. Let x be 42/9 + y/(-3). Is t(x) a composite number?
True
Let l be (6/4)/(9/12). Suppose -l*b + 8 = -0*b. Suppose 0 = -4*i + 5*v + 66, -b*i - 10 = -v - 68. Is i a prime number?
False
Suppose -2*w = w. Suppose 3*q - 6 = -w*q. Suppose -q*p - 11 = -37. Is p prime?
True
Suppose j + 4*x + 26 = 0, -7 = 2*j + 4*x + 61. Let q be j/(-1) - (-6)/(-2). Suppose 216 = 3*r + q. Is r composite?
False
Let o(u) = 25*u - 3. Let t(c) = -24*c + 3. Let p(w) = 4*o(w) + 5*t(w). Is p(-7) prime?
False
Let t(j) = -5*j**3 + j**2 + j + 1. Let v be t(-1). Suppose r = -3*n + 40, v*n = 5*r + n - 100. Is r a composite number?
True
Suppose 5*t = j + 18, 0*t - 21 = -2*t + 5*j. Suppose t*u = 4*u - 209. Is u prime?
False
Let g = -224 - -132. Let n = 159 + g. Is n a prime number?
True
Suppose 4*t = 2*u + 2*t - 22, -3*t + 6 = 0. Suppose -x + 4*r = -2*x + 19, 3*x = 2*r - u. Is x/(-3) - (-588)/18 composite?
True
Suppose a + 0*a - 868 = 0. Let x = -206 + a. Is (-4)/(-18) - x/(-18) prime?
True
Suppose -3042 = -6*m + 1932. Is m a composite number?
False
Let r = 67 - 48. Is r prime?
True
Suppose -2*b + 6*b = 1160. Suppose 3*c = 5*c - b. Is c a prime number?
False
Let h = -27 - -112. Is h prime?
False
Is 10/(-4)*1126*(-8)/40 composite?
False
Let n(g) = g**3 + 5*g**2 - 8*g - 6. Let b be n(-6). Let s = 9 - b. Is s a composite number?
False
Let g = 22 + -18. Suppose -5*n + 259 = -g*n. Is n a prime number?
False
Suppose -4*b + 2919 - 1003 = 0. Suppose 2*s - b = -141. Is s a prime number?
False
Let c(i) = i**3 - 3*i**2 - 3*i - 4. Let p be c(4). Let l be (-1115)/(-25) - (-9)/(-15). Suppose p*r - 2*r = -l. Is r a composite number?
True
Suppose 2*f + 95 = -465. Let p = -161 - f. Is p prime?
False
Let a(q) be the first derivative of 7*q**2/2 + q - 1. Is a(6) a prime number?
True
Suppose s = -8 + 6. Let g(f) = -16*f**2 - 4*f - 2. Let v be g(s). Is -3 + 0 - (v - 0) composite?
True
Let p be (40/14)/(8/28). Let l(h) = h**3 - 11*h**2 + 13*h - 2. Let k be l(p). Let q = k + 55. Is q composite?
False
Suppose -3*l + 4*v + 239 = -416, -2*l - 5*v = -452. Is l a composite number?
True
Is 258/2 - (5 + 15/(-5)) prime?
True
Let q(s) = -s**2 + 10*s - 11. Is q(6) a composite number?
False
Suppose 4*v = 5*g - 4*g - 294, v + 1161 = 4*g. Let y = -204 + g. Is y composite?
True
Let w be 3/(-2) - (-3)/(-6). Let v(j) = -48*j - 1. Is v(w) prime?
False
Suppose -4*j + 2*j - 10 = 0. Let r(n) = 12*n**2 - 14*n + 3. Let s(q) = -8*q**2 + 9*q - 2. Let g(v) = j*r(v) - 8*s(v). Is g(4) prime?
False
Let y(a) = a**2 + 8*a - 5. Let m be y(-7). Is m/30 + (-77)/(-5) prime?
False
Suppose -40 + 15 = -5*l - z, 21 = l - 3*z. Suppose l*g = 2*g + 508. Is g composite?
False
Let d = 3 - 3. Suppose 5*i + 2*s - 1276 = -d*i, -5*i + 1264 = -2*s. Is i a composite number?
True
Let h = 1 - 0. Is h/(4*1/1068) a composite number?
True
Let g(q) = 14*q**3 - q**2 + q + 1. Is g(2) a prime number?
False
Suppose 4 = -5*h + 34. Let b be (h/(-18))/((-1)/15). Suppose 3*j + 70 = 3*m + 25, -75 = -5*m - b*j. Is m a composite number?
True
Suppose -536 = -3*z - z. Let i = z + -55. Is i prime?
True
Is (-574)/(-6) + 8/(-12) a prime number?
False
Let l = -20 + 22. Is l - (-204 - 4 - 1) prime?
True
Suppose 0 = 5*c - 5, -5*c - 519 = -2*u - 2*u. Is u a composite number?
False
Suppose -g + 3*g - 6 = 0. Suppose -d = -g*d + 102. Is d a composite number?
True
Let j = 220 + -105. Let r(s) = -s**3 + 7*s**2 - 5*s - 3. Let h be r(6). Suppose f - j = -h*d, 5*d = -0*f + f + 181. Is d a prime number?
True
Let l(y) = -y**3 - 15*y**2 - 21*y + 2. Is l(-15) a composite number?
False
Let g(b) = 48*b + 1. Let p be g(-1). Let r = 2 - p. Is r a prime number?
False
Let t(z) = 1191*z + 14. Is t(3) a composite number?
True
Let o = -80 - 119. Let i be 289 - (0 + (2 - 3)). Let z = i + o. Is z a composite number?
True
Let j be (-3)/(-9) + 196/6 - 3. Let h(l) = l + 1. Let o be h(2). Suppose -o*f + 5*f - j = 0. Is f a prime number?
False
Suppose 4*m = 4*j + 52, 6*m = 2*m + 2*j + 44. Let q(l) = 9 + 2*l**2 - 5*l + l + 3*l - m*l. Is q(7) a prime number?
True
Let w(c) = -21*c**3 + 1 - 4*c + c**2 - 31*c**3 + 6*c. Let s be w(-1). Suppose 4*y - 152 = -2*q + s, 5*q = 5*y - 225. Is y a composite number?
True
Suppose -l + 4 + 0 = 0. Suppose 2*k - 264 = 2*b, k + 0*b - l*b = 129. Is k composite?
True
Suppose 3*h + 13428 = 4*q + h, 0 = 3*q + 4*h - 10093. Is q a composite number?
False
Suppose 5*d = 3158 + 10367. Is d composite?
True
Is 6 + -1 - (-7 - 211) a prime number?
True
Is 1/(3 - (-44)/(-16)) - -137 a composite number?
True
Let l be (-4)/10 + 519/(-15). Let q be (-1952)/28 + 2/(-7). Let j = l - q. Is j a composite number?
True
Suppose 0 = -4*l + f + 2069 - 284, 20 = -4*f. Is l a prime number?
False
Suppose 0 = 2*f - 11 - 105. Is f composite?
True
Let d(x) = -36*x + 1. Let v(b) be the third derivative of -b**6/120 - b**5/30 + b**4/24 + b**3/6 + b**2. Let o be v(-2). Is d(o) composite?
False
Let n be 6/(-9) + (-2)/(-3). Suppose -g + n*g = -2. Suppose -g*c - 13 + 55 = 0. Is c composite?
True
Let c(s) = -10*s + 7. Let k be c(5). Let v = 86 + k. Is v composite?
False
Let y be 20/5 + (1 - 0). Suppose 3*h = -12, 2*q = y*q - 4*h - 31. Suppose q*z = 19 + 16. Is z a composite number?
False
Let f(j) = j**2 - j - 1. Let r(m) = -m**3 + 12*m**2 - 14*m + 6. Let x(d) = 3*f(d) - r(d). Is x(8) a prime number?
False
Let i(r) = -2*r. Let g be i(3). Let x(h) = h**2 - 5*h. Let z be x(g). Is (z/(-9))/(6/(-63)) prime?
False
Let m be 2 - (-1 - -4) - -138. Suppose -m + 12 = -5*q. Is q a composite number?
True
Let r = 478 + 265. Is r a composite number?
False
Let i = 188 - -143. Is i a prime number?
True
Suppose 8 = 3*s + 4*b, 0 = -3*s + s - 4*b. Is (-1 - s/(-3))*57 composite?
True
Suppose 0 = 16*u - u - 3765. Is u a composite number?
False
Suppose 3*s - 3270 = -7*s. Is s a composite number?
True
Let v be 167 - ((-4)/(-2) + 1). Let w = -79 + v. Is w a composite number?
True
Let f(s) = -197*s - 18. Is f(-11) composite?
True
Let r(l) = -5*l**2 - 16*l + 4. Let s(p) = -p**2 - 1. Let j(q) = -r(q) + 3*s(q). Is j(-12) a composite number?
False
Let a(u) = u - 3. Let w be a(7). Suppose n = -w*q + 9, -2*q + 5*q + 3 = 0. Is n a prime number?
True
Suppose -2*j + 107 = -207. Is j prime?
True
Let h be (-1928)/(-6)*6/(-4). Let k be 1 + -3 + h/(-2). Suppose 0 = 3*q - 4*u - k, q + 4*u = 5*u + 79. Is q a prime number?
False
Suppose -5*n + 2*z = -5235, 4*z = -3*n + 3217 - 102. Suppose 2*y - 7*y = -n. Is y a prime number?
False
Let k(d) = -d**3 + d + 3. Let s(w) = w**2 + 3*w. Let p be s(-3). Let x be k(p). Suppose -m + 2*m - t - 12 = 0, -5*m + x*t = -54. Is m composite?
True
Let f(x) = 1775*x + 1. Let r be f(1). Suppose 0 = 5*g - g + 4*u - r, -u = 2*g - 893. Is g a composite number?
False
Suppose -5*a - y = -9792, 2*y + 5868 = 3*a + 5*y. Let n be (3 - a/(-15))*5. Let z = n + -405. Is z prime?
True
Let h(z) = 7*z**3 + 4*z**2 - 4. Is h(5) a composite number?
False
Let d(w) = -w**3 + 9*w**2 - 8*w + 4. Let z be d(8). Let k(j) = 6*j**2 - 5*j + 1. Let i be k(z). Is i/(3 + 2/(-1)) prime?
False
Suppose 423 = 2*w + 109. Is w a prime number?
True
Let o(j) = -1 - 3 - 1 - 16*j. Is o(-8) composite?
True
Let q(h) = 7*h + 1. Let n be ((-3)/(-6))/((-2)/28). Let f be q(n). Let c = f - -131. Is c a prime number?
True
Let g = 9 + -11. Is ((-67)/g)/((-1)/(-2)) a prime number?
True
Suppose y + y + 4 = -4*b, -2*y = -b - 6. Let o(v) = -4 + 2*v + 3*v**2 + 3 + 0*v**2. Is o(b) prime?
True
Let d(j) = j**2 + 7*j - 4*j - 2*j + 263. Is d(0) composite?
False
Let c = -422 + 761. Is c prime?
False
Let b(f) = f**2 - 6*f + 5. Let q be (-84)/